r?
True
Suppose 5*t - 2*r = t + 2364, 5*t + r = 2955. Is t a prime number?
False
Let l be ((-2)/1)/((-4)/(-22)). Let g = l - -18. Is g a composite number?
False
Suppose -4*l = 5*l - 7083. Is l a composite number?
False
Let r = -40 - -66. Is r a composite number?
True
Suppose 4*j - 3*j = 4. Suppose -3*y - t = j - 3, 0 = t + 4. Is ((-2)/2)/(y/(-19)) prime?
True
Let x(w) = 116*w**3 + w**2 - 6*w + 6. Let u(g) = -g**3 + g - 1. Let n(b) = b - 3. Let z be n(4). Let r(v) = z*x(v) + 6*u(v). Is r(1) composite?
True
Suppose 4*g + 0*g - 48 = 2*t, -t = 4*g - 42. Let c(d) = d**2 - 11*d + 2. Is c(g) a composite number?
False
Let z(d) = -d + 2. Let o be z(-2). Suppose -3*j + 18 = -5*f, -f - 3*f + 24 = o*j. Is ((-1)/2)/(j/(-1572)) a composite number?
False
Suppose 5*k - 276 = 34. Let q = 51 + k. Is q a prime number?
True
Suppose 4*y - 43 = -11. Let x(b) = b - 1. Let j be x(3). Suppose -4*f + 2*n = -10, -j*f + y + 2 = 4*n. Is f composite?
False
Let r(h) = h**3 + 5*h**2 - 6*h - 9. Let v(b) = 5*b**3 + 26*b**2 - 29*b - 46. Let u(q) = -11*r(q) + 2*v(q). Let p be u(-5). Let y = 32 + p. Is y prime?
False
Let k(l) = -66*l**3 - 3*l**2 - 3*l + 1. Is k(-2) composite?
False
Let l(i) = 8*i - 1. Let h = -4 + 7. Suppose -h*y = 2*b, -3*b = y - 7 - 0. Is l(b) a prime number?
True
Let k = -1 + 2. Let g = 5 - k. Is g a prime number?
False
Is (-5)/(45/(-1443)) - 4/(-6) composite?
True
Suppose 0*j + j + 53 = 0. Let s = j - 39. Let x = -54 - s. Is x a prime number?
False
Let t(m) = 1 - 9*m - m - 7*m + 3*m. Let n be t(1). Let b = n - -90. Is b prime?
False
Let h = 222 + 44. Let c = 445 - h. Is c composite?
False
Let n(h) = -4 + 2*h + 2 + 1 + 9*h**2. Let w be n(-3). Let o = w - 49. Is o a prime number?
False
Let h = 52 - 14. Is h composite?
True
Let m(p) = -3*p - 2. Let l be m(-2). Suppose 4*u - 19 = -y, 0 = l*u - 5*y + 2*y - 23. Suppose 172 = 3*s + u*a, a - 2*a + 54 = s. Is s a prime number?
False
Suppose -5*m + 280 = -105. Is m prime?
False
Suppose 55*d = 51*d + 3988. Is d a prime number?
True
Let w be (4/6)/(4/12). Suppose -3*v + 365 = -4*q, 4*v - 520 = -q - w*q. Let g = -40 + v. Is g composite?
True
Let z = 414 + -85. Is z a composite number?
True
Suppose r - 2*x = 2*r - 478, -2*r + 4*x = -924. Suppose -163 = -3*n + r. Is n a composite number?
False
Suppose 0 = 15*n - 2992 - 4043. Is n a prime number?
False
Suppose -1990 = -5*d + 5*h, 796 = 2*d - 0*d + 2*h. Suppose 3*r - d - 100 = 0. Is r prime?
False
Suppose 2*y + 0*y - 6 = 0. Suppose -5*m + 192 = y*j, -4*m + 3*j + 81 = -2*m. Is m prime?
False
Let a(u) = 3*u + 3. Let o(t) = -3*t + 1. Let h be o(1). Let c be 3*(5 + (h - 1)). Is a(c) prime?
False
Let m(v) = 55*v + 4. Let z be m(4). Suppose -4*r + 676 = z. Is r composite?
False
Let t(a) = -a + 5. Let o be t(4). Is (-555)/(-5) - (o + -1) a composite number?
True
Suppose 5*w + 4*h + 0*h + 4 = 0, 5*w + 40 = 5*h. Let l = w - -4. Let g(c) = c + 127. Is g(l) a composite number?
False
Let f be (0 - -1)*(2 - -81). Suppose -p - 3*p + 12 = 0. Suppose p*m - 4*m + f = 0. Is m a composite number?
False
Let v(p) = 4*p + 2. Let i(l) = -9*l. Let r be i(-3). Suppose 3*b = -4*o + 2*o + 21, 0 = -3*b - 4*o + r. Is v(b) a prime number?
False
Let t(s) = 5*s**2 - 4*s - 2*s - 3 + 0*s + 9. Is t(-5) prime?
False
Suppose l = 2*l - 508. Suppose -a + l = a. Is a a prime number?
False
Let q be -38*(-27)/6 + -3. Let c = -94 + q. Let s = c - 37. Is s prime?
True
Suppose -2*g + 6 = -u, -2*g + 0 = -4*u + 6. Let j be 3/6*-5*u. Is 5/j + (-171)/(-2) a prime number?
False
Let p = 92 - 66. Let f be (-4)/p - (-981)/39. Suppose 2*x - f = 1. Is x prime?
True
Let b(x) = x**3 - 12*x**2 - 17*x - 1. Is b(15) composite?
False
Suppose -t - 289 = -1938. Is t a composite number?
True
Suppose 4*s - 856 + 328 = 0. Suppose 0 = -5*x - s + 407. Is x a composite number?
True
Is (-3 + 4)*(1856 - -5) a composite number?
False
Is (-1 + 224)/(14/28) a composite number?
True
Let n = 12 + 2. Suppose -n = 2*x - 60. Is x composite?
False
Let q(t) = -31*t. Let k be q(5). Let m be -3 - (k + (-6)/(-3)). Let s = m - 91. Is s a prime number?
True
Suppose 4*d - 2443 = 361. Is d a composite number?
False
Let w(z) = -144*z**3 + 2*z**2 - z + 1. Is w(-2) prime?
True
Let c be (56/16)/((-1)/(-2)). Let i(h) = -2 - h**3 + 0*h**2 - 3 + 6*h**2 + 11*h. Is i(c) a prime number?
True
Suppose 5*w = 5438 + 2. Suppose -3*s = 335 - w. Is s a prime number?
True
Suppose -6*c + 5*c - 36 = 0. Let f = c + 125. Is f composite?
False
Let v = 535 + -326. Is v a composite number?
True
Is (-118)/(-6) - 6/9 prime?
True
Let d = -521 - -744. Is d a composite number?
False
Let u(x) = -12*x**3 + x**2 + 2*x. Let c be u(-2). Let p = 403 + c. Is p a prime number?
True
Let w(b) = b**2 + 13*b - 12. Let r be w(-14). Suppose 0 = 2*s - 6 - 4. Suppose r*q + 575 = s*c - 3*q, 3*c + q = 329. Is c a prime number?
False
Let j(p) = 38*p. Let o be j(1). Let t be 1512/(-16)*6/(-9). Let q = t - o. Is q composite?
True
Let o = -175 + 248. Suppose b + 2*b = -q + o, b = 5*q - 397. Is q prime?
True
Let j be (-1 - 123) + (3 - 3). Let d = 271 - j. Is d a composite number?
True
Suppose -q = -2*q + 3. Suppose q*n + 106 = 5*n. Is n composite?
False
Suppose 4*k - 1559 - 1589 = 0. Is k a composite number?
False
Let y(r) = 2*r**2 + r - 2. Let i be y(-2). Is (78/i)/(3/4) prime?
False
Let n be 0/((-2 - 7)/3). Suppose n = 4*y - 2 - 22. Suppose a = -u + y*a + 23, 5*u = -a + 167. Is u composite?
True
Suppose 5*p = p - 36. Is ((-21)/p)/7*957 a composite number?
True
Suppose 9864 = 11*c - 3259. Is c prime?
True
Let d(n) = n**2 + 6*n + 9. Let h be d(-4). Is 3*(176/6 - h) composite?
True
Suppose -3*h + 2*h + 4 = 0. Suppose -8*x + 388 = -h*x. Is x a prime number?
True
Let k(f) be the third derivative of f**4/24 + 5*f**3/3 - 2*f**2. Let o be k(0). Suppose -4*h - o = -54. Is h composite?
False
Suppose -5*k + 168 = -2*s, -k + 26 + 7 = -s. Is k a prime number?
False
Let w(q) = 1. Let v(t) = 3*t**2 - t - 3. Let f(s) = 3*v(s) + 12*w(s). Suppose 2*i = 7*i - 10. Is f(i) a composite number?
True
Let u = 223 - 140. Is u a composite number?
False
Is (-124)/(-6)*27/18 a composite number?
False
Let j(y) = 83*y - 2. Let x be j(2). Suppose -p - 4*p + 520 = -n, -4*p + 5*n + 395 = 0. Let k = x - p. Is k a prime number?
True
Let y(c) = -c - 1. Let s be y(-6). Suppose f = s, -l = l + 2*f - 756. Is l composite?
False
Let x(b) = 120*b**2 - 2*b + 1. Is x(1) a composite number?
True
Let q be 82/10 - 7/35. Suppose -s + q = -135. Is s prime?
False
Let a(w) = -2 + 20 + 2*w + 3. Is a(0) composite?
True
Let k be ((-2)/(-4))/((-3)/48). Is 6/24 + (-278)/k a prime number?
False
Suppose 4*t + 16 = 0, 6*d - 2*d + 5*t = 208. Is d/2*2/3 a composite number?
False
Let f be ((-2)/4)/(5/(-20)). Let x(v) = 4*v**3 + 3*v**2 - 3*v + 1. Is x(f) prime?
False
Let x be (-24)/(-18)*(1 + 2). Suppose -2*f - 5*b = 0, x*b - 4 = 3*f - 27. Suppose 4*q = 2*t + 2*t - 580, 2*q = f*t - 737. Is t prime?
True
Suppose -12 = 5*r - 3*r. Let j be (-3860)/r - 1/3. Suppose -4*c - 7 = -j. Is c composite?
True
Suppose 2*y = 6*y + 28. Let w = 62 + y. Is w composite?
True
Let u = 11 - 7. Suppose 0 = 3*l + 2*c - 3 - 13, -3*c + 7 = -u*l. Suppose 26 = i - 3*d - 35, l = -d. Is i a composite number?
True
Suppose -i + 47 = -y, -40 + 227 = -4*y + 3*i. Let x = 28 - y. Is x composite?
True
Let u = 128 - 129. Suppose 5*w - 156 = 3*w. Let k = u + w. Is k composite?
True
Suppose 2*q = -0*q + 8. Let m(p) = 14*p - 1. Let c be m(q). Suppose c = 4*l + l. Is l prime?
True
Suppose -2*i - 2*d = 3*d + 4, 4*i - 3*d = 18. Suppose 6 + i = 3*m. Is -1 - (-516)/(6/m) composite?
False
Suppose 0 = -y - 2*y - 15. Let z(c) = -c - 3. Let q be z(y). Suppose 5*i = d + 65, d = -3*i - q*i + 65. Is i a composite number?
False
Is 187/(-2)*12/(-6) prime?
False
Let q be 3/(6/(-2)) - -118. Let t = q - 70. Suppose 0 = u - t + 12. Is u composite?
True
Let d = 4 + -7. Let b be ((-18)/3)/d - -15. Let c = b - 10. Is c prime?
True
Let d = -1 - 0. Let z be d/(-2) - 2180/(-8). Is z/(-2)*12/(-18) a composite number?
True
Let u = 1266 + -869. Is u a composite number?
False
Let g be (-6)/(-4) + (-12)/(-8). Suppose -2*w - 157 = -g*w. Is w a composite number?
False
Suppose -5 - 5 = -5*f. Suppose 0 = 4*t + t + 4*l + 195, -5*t + 4*l = 195. Is (-3 + t)*(-1)/f a prime number?
False
Let v(u) = -67*u + 10. Is v(-3) composite?
False
Let o = -8 